r?
False
Is 36383 composite?
False
Is 36253 prime?
False
Is 11558 a composite number?
True
Is 21509 a composite number?
True
Is 30395 a prime number?
False
Is 22027 a prime number?
True
Is 131201 prime?
False
Is 129329 prime?
False
Is 250279 composite?
False
Is 18713 a prime number?
True
Is 2025407 a prime number?
False
Is 5269 a composite number?
True
Is 633739 prime?
True
Is 26801 a composite number?
False
Is 12757 a composite number?
False
Is 85777 prime?
False
Is 71563 a composite number?
False
Is 121129 a composite number?
True
Is 63419 prime?
True
Is 421607 a prime number?
True
Is 1531 a prime number?
True
Is 4981 a composite number?
True
Is 52919 a composite number?
False
Is 5439959 a composite number?
True
Is 20469 prime?
False
Is 5663 a composite number?
True
Is 2153 a prime number?
True
Is 37831 composite?
False
Is 11369 a composite number?
False
Is 163731 a prime number?
False
Is 243937 a prime number?
False
Is 40958 a prime number?
False
Is 107171 a composite number?
False
Is 47161 composite?
False
Is 1104179 composite?
False
Is 58423 prime?
False
Is 2459 a prime number?
True
Is 4143 prime?
False
Is 110427 composite?
True
Is 737 a prime number?
False
Is 5331 a composite number?
True
Is 15926 composite?
True
Is 27553 a prime number?
False
Is 563987 a composite number?
False
Is 7069 a prime number?
True
Is 7993 composite?
False
Is 33382 a prime number?
False
Is 12817 a prime number?
False
Is 901 a prime number?
False
Is 2846 a composite number?
True
Is 26237 a prime number?
True
Is 3181 composite?
False
Is 33001 composite?
True
Is 187597 a composite number?
False
Is 112237 composite?
False
Is 874909 a prime number?
False
Is 59101 a composite number?
True
Is 21001 a prime number?
True
Is 161729 a composite number?
False
Is 88163 prime?
False
Is 16079 prime?
False
Is 696659 prime?
True
Is 766243 composite?
True
Is 443959 prime?
False
Is 13398089 a prime number?
True
Is 41539 a composite number?
False
Is 26493 prime?
False
Is 3489 prime?
False
Is 709231 a prime number?
True
Is 1139 a composite number?
True
Is 633251 a composite number?
True
Is 1439 prime?
True
Is 4253993 a prime number?
False
Is 116789 a composite number?
False
Is 516935 composite?
True
Is 1037171 a prime number?
False
Is 491 a prime number?
True
Is 67661 a composite number?
True
Is 275789 a composite number?
True
Is 304453 a prime number?
False
Is 59233 a composite number?
False
Is 1758079 a composite number?
True
Is 40211 composite?
True
Is 1664053 a prime number?
True
Is 34583 prime?
True
Is 45039 composite?
True
Is 6239 composite?
True
Is 211777 composite?
False
Is 22481 a composite number?
False
Is 9533 composite?
False
Is 1179467 a composite number?
False
Is 2397677 prime?
True
Is 4201 composite?
False
Is 799 a composite number?
True
Is 71011 composite?
False
Is 264599 composite?
False
Is 11389 a prime number?
False
Is 179053 a composite number?
True
Is 61463 a composite number?
False
Is 18973 composite?
False
Is 2936905 a prime number?
False
Is 9661 prime?
True
Is 14253 composite?
True
Is 214 prime?
False
Is 19039 a prime number?
False
Is 799 a prime number?
False
Is 2199113 composite?
True
Is 8551 a composite number?
True
Is 3763 a prime number?
False
Is 79141 composite?
True
Is 14765 a composite number?
True
Is 59603 a prime number?
False
Is 707 prime?
False
Is 8057 a prime number?
False
Is 1132051 prime?
False
Is 1501 a prime number?
False
Is 1721981 composite?
True
Is 5951 a composite number?
True
Is 57089 prime?
True
Is 40453 prime?
False
Is 27043 a prime number?
True
Is 374753 a prime number?
True
Is 2437 a composite number?
False
Is 24259 a prime number?
False
Is 13957 composite?
True
Is 20873 a composite number?
False
Is 54709 a prime number?
True
Is 95399 a prime number?
False
Is 2437 prime?
True
Is 1847 composite?
False
Is 8539 a prime number?
True
Is 22889 a prime number?
False
Is 5063 a composite number?
True
Is 2515933 prime?
False
Is 137303 a prime number?
True
Is 5779 prime?
True
Is 35078 a prime number?
False
Is 322169 a composite number?
False
Is 1438457 prime?
True
Is 424191 a composite number?
True
Is 6227 prime?
False
Is 8491 prime?
False
Is 8059 a prime number?
True
Is 45447 prime?
False
Is 898819 composite?
False
Is 419453 a composite number?
True
Is 587 composite?
False
Is 4008703 composite?
True
Is 140383 composite?
True
Is 4183 composite?
True
Is 179155 a composite number?
True
Is 17403 a composite number?
True
Is 88799 prime?
True
Is 17774 composite?
True
Is 13163 prime?
True
Is 596399 a prime number?
True
Is 745 composite?
True
Is 66151 a prime number?
False
Is 232727 prime?
False
Is 9413 composite?
False
Is 1157 a prime number?
False
Is 172813 prime?
False
Is 328777 composite?
False
Is 69079 prime?
False
Is 12421 composite?
False
Is 3821 prime?
True
Is 12571 prime?
False
Is 769 a composite number?
False
Is 2161763 a prime number?
False
Is 16331 a composite number?
True
Is 326351 composite?
False
Is 6113 prime?
True
Is 94301 a prime number?
False
Is 406697 prime?
True
Is 1577 prime?
False
Is 631 a composite number?
False
Is 1077911 composite?
False
Is 65791 a prime number?
False
Is 20431 composite?
False
Is 1039 prime?
True
Is 11149 composite?
False
Is 2843 a composite number?
False
Is 243259 a composite number?
False
Is 16391 prime?
False
Is 5773 composite?
True
Is 57899 composite?
False
Is 578437 prime?
False
Is 907261 prime?
False
Is 15551 prime?
True
Is 86711 composite?
False
Is 7781 prime?
False
Is 8321 composite?
True
Is 6787 a prime number?
False
Is 750021 composite?
True
Is 156029 a composite number?
True
Is 320081 a prime number?
True
Is 299797 prime?
False
Is 19711 a prime number?
False
Is 7717 prime?
True
Is 190523 prime?
True
Is 11851 a composite number?
True
Is 1711 a prime number?
False
Is 33287 prime?
True
Is 45383 composite?
True
Is 58567 a prime number?
True
Is 649 composite?
True
Is 187163 a prime number?
True
Is 34231 composite?
False
Is 12871 composite?
True
Is 583 prime?
False
Is 5891 prime?
False
Is 75479 a composite number?
False
Is 195659 composite?
False
Is 53353 a composite number?
False
Is 81097 a composite number?
False
Is 78087 a prime number?
False
Is 11369 a composite number?
False
Is 1543 a prime number?
True
Is 1949 a composite number?
False
Is 28789 a composite number?
False
Is 1003045 a composite number?
True
Is 2888083 prime?
False
Is 606977 a prime number?
False
Is 187849 a composite number?
True
Is 1361 prime?
True
Is 704149 a composite number?
True
Is 10771 a composite number?
False
Is 18187 composite?
True
Is 30541 prime?
False
Is 53327 prime?
True
Is 263257 composite?
False
Is 11246 composite?
True
Is 25013 prime?
True
Is 13379 a prime number?
False
Is 6385 a composite number?
True
Is 8621 composite?
True
Is 38681 a composite number?
True
Is 8999 a prime number?
True
Is 17753 a prime number?
False
Is 9227 composite?
False
Is 51549 a composite number?
True
Is 58831 a prime number?
True
Is 215599 composite?
True
Is 142703 a composite number?
True
Is 249595 a prime number?
False
Is 2340119 a prime number?
True
Is 174589 a prime number?
False
Is 46133 composite?
False
Is 186863 a composite number?
True
Is 119489 prime?
True
Is 23773 a prime number?
True
Is 30887 composite?
True
Is 274087 a composite number?
True
Is 20051 composite?
False
Is 34267 prime?
True
Is 87923 composite?
True
Is 111577 prime?
True
Is 208877 a composite number?
False
Is 26669 a composite number?
False
Is 453659 a prime number?
True
Is 302317 a prime number?
True
Is 120847 composite?
False
Is 145534 a composite number?
True
Is 9649 a prime number?
True
Is 564881 a composite number?
False
Is 609215 a composite number?
True
Is 17863 composite?
False
Is 50187 prime?
False
Is 17669 a prime number?
True
Is 745 composite?
True
Is 44927 a composite number?
False
Is 232639 composite?
True
Is 143266 a prime number?
False
Is 589957 a composite number?
True
Is 30367 prime?
True
Is 124853 composite?
False
Is 6487 prime?
False
Is 25297 a composite number?
True
Is 17213 composite?
True
Is 235871 composite?
False
Is 68351 a composite number?
False
Is 2613922 composite?
True
Is 389819 prime?
True
Is 1032763 a prime number?
True
Is 228539 prime?
True
Is 10169 a prime number?
True
Is 21055 a prime number?
False
Is 430999 a prime number?
True